3, 5, 9941
What are the prime factors of 2468644924?
2, 23, 26833097
List the prime factors of 80635262.
2, 40317631
What are the prime factors of 7473696036?
2, 3, 223, 2792861
List the prime factors of 552102896.
2, 2837, 12163
List the prime factors of 532549347.
3, 11, 19, 229, 3709
What are the prime factors of 338005450?
2, 5, 79, 85571
List the prime factors of 17960982.
2, 3, 13, 17713
List the prime factors of 4604115.
3, 5, 306941
List the prime factors of 1553899639.
1553899639
What are the prime factors of 4702212971?
17, 1747, 158329
List the prime factors of 83741630.
2, 5, 7, 1196309
What are the prime factors of 78013847?
78013847
What are the prime factors of 414171809?
157, 1321, 1997
List the prime factors of 5323006760.
2, 5, 727, 183047
List the prime factors of 123540914.
2, 7, 8824351
List the prime factors of 1259832218.
2, 1493, 421913
List the prime factors of 52531680.
2, 3, 5, 109441
What are the prime factors of 97948411?
11, 809491
List the prime factors of 78572048.
2, 23, 89, 2399
What are the prime factors of 35547875?
5, 11, 103, 251
List the prime factors of 119038319.
43, 419, 6607
What are the prime factors of 176857312?
2, 29, 190579
List the prime factors of 2233605457.
2857, 781801
What are the prime factors of 64025745?
3, 5, 7, 73, 8353
What are the prime factors of 197433451?
31, 1487, 4283
What are the prime factors of 169888936?
2, 7, 3033731
List the prime factors of 96345181.
19, 73, 69463
What are the prime factors of 477713302?
2, 11, 577, 37633
What are the prime factors of 52033032?
2, 3, 83, 8707
List the prime factors of 3279682813.
11, 298152983
What are the prime factors of 118566511?
7, 983, 17231
What are the prime factors of 875674137?
3, 13, 22453183
List the prime factors of 549309503.
29, 18941707
What are the prime factors of 1166097443?
7, 331, 10271
What are the prime factors of 2134291845?
3, 5, 7, 163, 124703
What are the prime factors of 99482512?
2, 6217657
What are the prime factors of 431417848?
2, 53927231
List the prime factors of 4329348528.
2, 3, 173, 521357
List the prime factors of 23283616.
2, 727613
List the prime factors of 3588023272.
2, 733, 611873
What are the prime factors of 238467878?
2, 11, 1223, 8863
What are the prime factors of 89595010?
2, 5, 541, 16561
List the prime factors of 67201487.
67201487
What are the prime factors of 3310642116?
2, 3, 91962281
What are the prime factors of 261126244?
2, 65281561
What are the prime factors of 222895857?
3, 17, 4370507
List the prime factors of 3295232490.
2, 3, 5, 11, 9985553
List the prime factors of 429690728.
2, 1289, 41669
What are the prime factors of 163590500?
2, 5, 97, 3373
What are the prime factors of 1092635316?
2, 3, 30350981
What are the prime factors of 27231037?
59, 103, 4481
What are the prime factors of 19996926?
2, 3, 499, 6679
List the prime factors of 2137849461.
3, 11, 21594439
What are the prime factors of 1207511570?
2, 5, 29, 4163833
List the prime factors of 71671525.
5, 607, 4723
List the prime factors of 1525822729.
149, 313, 32717
What are the prime factors of 19070154?
2, 3, 39239
List the prime factors of 2726038632.
2, 3, 113584943
List the prime factors of 2387496379.
41, 263, 221413
List the prime factors of 1109893787.
593, 1213, 1543
What are the prime factors of 588185223?
3, 19, 1777, 5807
List the prime factors of 92868031.
53, 1752227
List the prime factors of 184049750.
2, 5, 71, 10369
List the prime factors of 2114132221.
2114132221
What are the prime factors of 26370963?
3, 401, 7307
List the prime factors of 788184141.
3, 17, 359, 43049
List the prime factors of 86000033.
7, 443, 27733
What are the prime factors of 18643693?
19, 401, 2447
List the prime factors of 1445513295.
3, 5, 6379, 15107
What are the prime factors of 19290806?
2, 991, 9733
What are the prime factors of 57063812?
2, 13, 1097381
List the prime factors of 1480046358.
2, 3, 7, 3557, 9907
List the prime factors of 713813711.
13, 54908747
List the prime factors of 99417847.
3989, 24923
What are the prime factors of 51057863?
2531, 20173
List the prime factors of 795952975.
5, 971, 32789
List the prime factors of 37043492.
2, 9260873
List the prime factors of 268767438.
2, 3, 44794573
List the prime factors of 114597901.
11, 17, 612823
List the prime factors of 404363449.
7, 61, 946987
What are the prime factors of 94747978?
2, 13, 3644153
List the prime factors of 3362573946.
2, 3, 560428991
What are the prime factors of 36714111?
3, 7, 1748291
What are the prime factors of 75825739?
11, 5179
List the prime factors of 412549590.
2, 3, 5, 509, 27017
List the prime factors of 393143182.
2, 196571591
List the prime factors of 3036239925.
3, 5, 61, 663659
List the prime factors of 162582968.
2, 17, 1195463
List the prime factors of 540650432.
2, 7, 1206809
List the prime factors of 86191720.
2, 5, 2154793
List the prime factors of 1368214391.
97, 139, 101477
List the prime factors of 1290445664.
2, 701, 57527
List the prime factors of 161784911.
161784911
What are the prime factors of 431356401?
3, 7, 157, 14537
What are the prime factors of 36333689?
7, 167, 31081
What are the prime factors of 364854008?
2, 181, 251971
What are the prime factors of 78906740?
2, 5, 11, 358667
What are the prime factors of 5842702507?
257, 22734251
List the prime factors of 2327486576.
2, 257, 566023
What are the prime factors of 48749442?
2, 3, 7, 157, 7393
What are the prime factors of 1020084708?
2, 3, 85007059
List the prime factors of 953342180.
2, 5, 7, 23, 107, 2767
What are the prime factors of 348622552?
2, 53, 822223
What are the prime factors of 4683249418?
2, 2341624709
List the prime factors of 125488821.
3, 41829607
List the prime factors of 852210536.
2, 23, 349, 577
What are the prime factors of 156910353?
3, 79, 157, 4217
What are the prime factors of 308530186?
2, 193, 799301
What are the prime factors of 3649485558?
2, 3, 337, 353, 5113
What are the prime factors of 7901959?
13, 607843
List the prime factors of 38876959.
11, 3534269
List the prime factors of 57494827.
13, 43, 163, 631
List the prime factors of 823399236.
2, 3, 11, 693097
What are the prime factors of 195293041?
113, 1728257
What are the prime factors of 7396547?
17, 23, 18917
What are the prime factors of 8266992?
2, 3, 157, 1097
What are the prime factors of 319614386?
2, 7, 13, 173, 10151
List the prime factors of 230606928.
2, 3, 59, 27143
List the prime factors of 87707342.
2, 43853671
What are the prime factors of 21604452?
2, 3, 23, 78277
List the prime factors of 1705454029.
2437, 699817
List the prime factors of 295845004.
2, 7, 13, 812761
List the prime factors of 5328037194.
2, 3, 8761, 101359
What are the prime factors of 110062834?
2, 7, 31, 253601
List the prime factors of 69314333.
11, 6301303
What are the prime factors of 207679330?
2, 5, 331, 62743
What are the prime factors of 41955500?
2, 5, 83911
What are the prime factors of 6094319679?
3, 7, 641, 21559
List the prime factors of 250689680.
2, 5, 433, 7237
What are the prime factors of 101454570?
2, 3, 5, 7, 161039
What are the prime factors of 41344992?
2, 3, 13, 409
List the prime factors of 21335549.
21335549
What are the prime factors of 307501209?
3, 34166801
List the prime factors of 358795283.
7, 11, 4659679
What are the prime factors of 134298741?
3, 277, 161611
What are the prime factors of 1039247?
11, 94477
List the prime factors of 2862207228.
2, 3, 238517269
List the prime factors of 1757034399.
3, 31, 18892843
List the prime factors of 531418889.
449, 1183561
What are the prime factors of 1418030379?
3, 821, 191911
List the prime factors of 673588476.
2, 3, 11, 1700981
What are the prime factors of 18531461?
13, 1425497
List the prime factors of 71609209.
7, 277, 36931
What are the prime factors of 899229546?
2, 3, 16652399
List the prime factors of 30147571.
107, 139, 2027
What are the prime factors of 120516982?
2, 29, 137, 523
What are the prime factors of 20323080?
2, 3, 5, 56453
List the prime factors of 1347316515.
3, 5, 113, 264959
What are the prime factors of 43229632?
2, 675463
List the prime factors of 816614774.
2, 408307387
What are the prime factors of 88632659?
4241, 20899
List the prime factors of 249494150.
2, 5, 1061, 4703
List the pri